1761a (base 12) to base 4.
-31122232312
What is 422501 (base 7) in base 2?
10001110100000010
What is 4b8c1 (base 13) in base 5?
13434140
What is 3744c2 (base 15) in base 14?
4cc974
-371145 (base 9) to base 4
-312222311
550a6 (base 12) to base 7
645555
What is 4802613 (base 9) in base 10?
2600112
Convert 24270572 (base 8) to base 5.
2331244331
What is 1111000001011011111 (base 2) in base 8?
1701337
-58b10a (base 12) to base 3
-2200121111201
-611124 (base 7) to base 11
-70970
What is -211100012122 (base 3) in base 11?
-280423
Convert -2302211 (base 9) to base 8.
-4571073
What is -51105553 (base 6) in base 8?
-5432455
What is -161754 (base 9) in base 16?
-185b0
Convert 100010101101100110001101 (base 2) to base 11.
515578a
-10221202101 (base 4) to base 15
-191170
-566121 (base 7) to base 5
-11204223
Convert -6262 (base 14) to base 12.
-997a
Convert 5bb20 (base 12) to base 8.
362610
What is 1116606 (base 7) in base 6?
2552303
Convert 60690 (base 13) to base 15.
3619c
Convert -404222353 (base 6) to base 14.
-cc3377
184c00 (base 14) to base 12
354980
134505002 (base 6) to base 5
1200333020
10ba0c5 (base 14) to base 3
120000102010101
Convert 246797 (base 14) to base 10.
1247281
79c50 (base 15) to base 9
650523
-1122120222010 (base 3) to base 15
-1250cc
Convert 134231112 (base 5) to base 3.
1022100102201
4619a9 (base 16) to base 4
101201212221
20200211220 (base 3) to base 16
202fe
What is -7d4a1 (base 15) in base 5?
-100234201
What is 8c8d1 (base 16) in base 6?
20201133
Convert -36664a (base 11) to base 14.
-1113db
15114341 (base 7) to base 6
50412052
Convert -1523034 (base 6) to base 10.
-88798
-122553325 (base 6) to base 9
-4425248
What is -22213102023 (base 4) in base 14?
-525d91
Convert -22120120013 (base 4) to base 9.
-5106812
-11413011 (base 5) to base 16
-1a2f8
What is 33222210213 (base 4) in base 14?
78c79d
-24a11 (base 15) to base 11
-7aa09
What is 1daab (base 16) in base 10?
121515
-10208247 (base 9) to base 16
-4ae060
Convert -130103 (base 6) to base 8.
-26667
-1721589 (base 10) to base 3
-10020110120120
Convert -1344113 (base 7) to base 13.
-636a4
Convert 76965 (base 10) to base 13.
29055
2014241 (base 6) to base 10
95569
What is -3330413 (base 6) in base 16?
-28da9
Convert 195ccd (base 15) to base 2.
100101101011101010000
What is -48512 (base 13) in base 6?
-2502132
What is -3c9a2a (base 13) in base 10?
-1478110
Convert 59a41f (base 16) to base 14.
accd0b
What is 10101010101100111110011 (base 2) in base 3?
101112011221220
28a1300 (base 12) to base 10
8172144
-33615722 (base 8) to base 6
-420023110
What is -10222000012 (base 3) in base 11?
-53677
What is -35004120 (base 8) in base 13?
-17632b6
What is -58376d (base 15) in base 6?
-230151434
What is 1235b5 (base 15) in base 6?
30405125
What is -206078b (base 12) in base 6?
-334405055
What is -10100111000111011 (base 2) in base 16?
-14e3b
1222012022002 (base 3) to base 15
15a392
Convert -58a879 (base 13) to base 16.
-202bd7
Convert 33554443 (base 7) to base 15.
3ca82a
-23a226 (base 14) to base 10
-1218762
Convert 302320023112 (base 4) to base 15.
1286bd7
Convert 521341 (base 7) to base 6.
1525404
What is 3613ba2 (base 12) in base 10?
10478570
7191a9 (base 11) to base 10
1154217
Convert 100111110111010100 (base 2) to base 14.
43712
Convert 221121121002 (base 3) to base 10.
504173
10121100102221 (base 3) to base 16
1d3ce6
Convert 1edee7 (base 16) to base 9.
3723206
What is -211850 (base 9) in base 11?
-867aa
-1022023 (base 5) to base 2
-100001011110010
Convert 6491737 (base 10) to base 8.
30607131
2c713 (base 16) to base 5
21311120
What is -684571 (base 10) in base 11?
-428368
Convert -186e95 (base 16) to base 4.
-12012322111
Convert 2954b67 (base 13) to base 10.
13148792
What is 8a16c6 (base 13) in base 15?
445ad7
-1100d (base 16) to base 7
-410022
10646435 (base 7) to base 13
26a209
fc428 (base 16) to base 3
1221111100202
What is -2a66d (base 14) in base 3?
-12100210002
What is -10223020 (base 5) in base 16?
-14ffa
What is 72b405 (base 12) in base 16?
1b8285
What is 432c3e (base 15) in base 13?
880040
Convert 28347 (base 10) to base 5.
1401342
Convert -6b257a (base 12) to base 4.
-12211032232
94a2a5 (base 14) to base 3
100110010222010
What is -22002220112001 (base 3) in base 16?
-41bf21
What is 1424413002 (base 5) in base 10?
3747877
Convert -2823560 (base 10) to base 4.
-22301112020
What is 3271227 (base 9) in base 11?
aa1841
What is 600014 (base 10) in base 7?
5046212
Convert 1001001101110000011101 (base 2) to base 11.
13aaa01
What is -8245 (base 9) in base 4?
-1132103
Convert -103243 (base 10) to base 9.
-166554
Convert 43125231 (base 6) to base 10.
1271251
Convert -e3f9fd (base 16) to base 14.
-1dacbc9
What is 1d0d (base 15) in base 10?
6313
Convert 1268bb (base 13) to base 14.
b76a3
-43002333 (base 5) to base 15
-718b3
What is -12324 (base 12) in base 14?
-8dac
What is 2aa299 (base 11) in base 12?
1b3050
What is -1010110011101101110 (base 2) in base 16?
-5676e
What is -21182881 (base 9) in base 4?
-212330330113
Convert 451240 (base 6) to base 7.
215325
Convert -c8a043 (base 14) to base 11.
-391750a
What is 698240 (base 10) in base 16?
aa780
2005756 (base 9) to base 2
100000100100010001001
Convert -1033332213 (base 4) to base 14.
-87555
-111b29 (base 16) to base 9
-2087727
What is -57426 (base 11) in base 3?
-11012220100
-537e2f (base 16) to base 7
-64336513
What is -446115 (base 9) in base 16?
-4129d
What is -57c295 (base 13) in base 4?
-13330212100
-c19da4 (base 15) to base 5
-4323242304
-22032122 (base 4) to base 9
-63405
13341 (base 13) to base 10
35712
-16232473 (base 9) to base 6
-445504020
What is -64346523 (base 7) in base 15?
-731eb9
-335451101 (base 6) to base 3
-102120102220101
Convert -1168bc (base 15) to base 8.
-3131343
-608cae (base 16) to base 7
-104532302
Convert -aa40b6 (base 12) to base 6.
-133532350
Convert -430202431 (base 5) to base 4.
-12320103203
Convert 1100022011121 (base 3) to base 6.
23152024
Convert -2144000 (base 6) to base 5.
-11412021
14204433 (base 6) to base 16
75f45
-10022001120212 (base 3) to base 2
-110101011111101110000
Convert a6a703 (base 12) to base 3.
11221200002110
Convert -3133322 (base 6) to base 15.
-30252
Convert 32d39 (base 14) to base 16.
1e1c7
Convert -573640 (base 9) to base 6.
-11212013
What is 100010010101111100 (base 2) in base 12?
694a4
Convert 647955 (base 11) to base 7.
11541321
Convert -20010120220 (base 3) to base 14.
-31dc6
What is -57840 (base 15) in base 3?
-112011011220
3c3a4e (base 15) to base 4
23003202122
What is -201201220 (base 3) in base 4?
-3200310
-121101000021 (base 3) to base 7
-2511301
Convert -10220221033 (base 4) to base 8.
-4505117
-3d4dd3 (base 16) to base 13
-aa88b8
1ebdb (base 15) to base 13
36a01
Convert -199d4a7 (base 14) to base 16.
-c295ab
What is -524663 (base 7) in base 15?
-1bc68
Convert -124112032 (base 5) to base 7.
-5133213
What is 5445012 (base 6) in base 4?
1002011000
Convert 79aaa4 (base 12) to base 7.
22360144
Convert -20632115 (base 7) to base 8.
-6545346
What is 2334111042 (base 5) in base 2?
10100100001001101010001
Convert 11123426 (base 7) to base 11.
5a9336
Convert -4527078 (base 11) to base 6.
-441545451
Convert 406775 (base 10) to base 4.
1203103313
-93d948 (base 15) to base 7
-113526044
Convert -16300 (base 10) to base 8.
-37654
What is -2133220122 (base 4) in base 16?
-9fa1a
What is -993d6 (base 14) in base 10?
-371216
Convert 15052112 (base 6) to base 15.
a41d2
Convert a21686 (base 13) to base 3.
21002201002120
Convert 15214440 (base 6) to base 15.
a7566
What is -825020 (base 13) in base 12?
-1026465
10211231022 (base 4) to base 5
301444033
Convert -231330311 (base 4) to base 7.
-1412504
Convert -201020010 (base 3) to base 16.
-36c0
-172257 (base 8) to base 4
-33102233
-6db06 (base 14) to base 11
-173667
c683 (base 16) to base 5
3111234
What is -331222403 (base 5) in base 12?
-58b480
Convert b0125 (base 16) to base 5.
141034224
What is 2451040 (base 9) in base 11?
830269
What is 100001000101100111 (base 2) in base 10?
135527
Convert -54d81c (base 14) to base 8.
-12771062
2161400 (base 8) to base 12
241054
66536 (base 11) to base 10
96476
What is 13326431 (base 7) in base 13?
342893
Convert 1030344432 (base 5) to base 16.
2191b8
Convert 13110100102 (base 4) to base 15.
27d44a
Conver